 divided by 15?
12
Calculate the remainder when 30363 is divided by 4.
3
What is the remainder when 567 is divided by 224?
119
Calculate the remainder when 14325 is divided by 26.
25
What is the remainder when 47081 is divided by 23534?
13
What is the remainder when 92855 is divided by 13?
9
What is the remainder when 31503 is divided by 114?
39
Calculate the remainder when 206992 is divided by 51748.
0
What is the remainder when 7430 is divided by 186?
176
Calculate the remainder when 21912 is divided by 21841.
71
What is the remainder when 232026 is divided by 232021?
5
Calculate the remainder when 3230 is divided by 1615.
0
What is the remainder when 407358 is divided by 541?
526
What is the remainder when 166 is divided by 95?
71
Calculate the remainder when 177858 is divided by 113.
109
Calculate the remainder when 941 is divided by 12.
5
What is the remainder when 92594 is divided by 21?
5
Calculate the remainder when 8274 is divided by 1632.
114
What is the remainder when 40709 is divided by 24?
5
What is the remainder when 1328633 is divided by 385?
383
Calculate the remainder when 9255705 is divided by 27.
24
Calculate the remainder when 1861 is divided by 235.
216
What is the remainder when 31299 is divided by 45?
24
What is the remainder when 1671 is divided by 357?
243
Calculate the remainder when 1288 is divided by 697.
591
What is the remainder when 194878 is divided by 96?
94
What is the remainder when 3879 is divided by 3829?
50
Calculate the remainder when 7856 is divided by 6.
2
Calculate the remainder when 34101 is divided by 232.
229
Calculate the remainder when 49998 is divided by 8.
6
Calculate the remainder when 22080 is divided by 736.
0
Calculate the remainder when 13414 is divided by 13364.
50
What is the remainder when 49775 is divided by 407?
121
What is the remainder when 112918 is divided by 120?
118
What is the remainder when 2086 is divided by 334?
82
What is the remainder when 6481 is divided by 36?
1
Calculate the remainder when 31962 is divided by 157.
91
Calculate the remainder when 14336 is divided by 4733.
137
What is the remainder when 5846 is divided by 974?
2
What is the remainder when 79187 is divided by 488?
131
Calculate the remainder when 8173 is divided by 56.
53
Calculate the remainder when 16899 is divided by 26.
25
Calculate the remainder when 1964 is divided by 176.
28
Calculate the remainder when 514349 is divided by 37.
12
Calculate the remainder when 148484 is divided by 538.
534
Calculate the remainder when 2913 is divided by 5.
3
Calculate the remainder when 933 is divided by 106.
85
Calculate the remainder when 2319237 is divided by 4.
1
Calculate the remainder when 120926 is divided by 216.
182
What is the remainder when 3539 is divided by 401?
331
What is the remainder when 11680 is divided by 2872?
192
What is the remainder when 195388 is divided by 195?
193
Calculate the remainder when 35985 is divided by 173.
1
Calculate the remainder when 68815 is divided by 176.
175
Calculate the remainder when 865 is divided by 641.
224
What is the remainder when 238495 is divided by 28?
19
Calculate the remainder when 27945 is divided by 6984.
9
What is the remainder when 2081 is divided by 534?
479
Calculate the remainder when 11261 is divided by 97.
9
Calculate the remainder when 2425 is divided by 153.
130
What is the remainder when 190 is divided by 154?
36
What is the remainder when 12098 is divided by 195?
8
What is the remainder when 17982 is divided by 1627?
85
Calculate the remainder when 9294 is divided by 1846.
64
What is the remainder when 3012 is divided by 2983?
29
Calculate the remainder when 193692 is divided by 48.
12
What is the remainder when 28687 is divided by 28?
15
Calculate the remainder when 8913 is divided by 39.
21
What is the remainder when 2124 is divided by 651?
171
What is the remainder when 73127 is divided by 14622?
17
Calculate the remainder when 86637 is divided by 155.
147
What is the remainder when 5916 is divided by 39?
27
Calculate the remainder when 15474 is divided by 15425.
49
Calculate the remainder when 1179 is divided by 204.
159
What is the remainder when 503 is divided by 32?
23
What is the remainder when 44692 is divided by 12?
4
What is the remainder when 2694 is divided by 160?
134
What is the remainder when 685 is divided by 670?
15
Calculate the remainder when 135963 is divided by 446.
379
What is the remainder when 58966 is divided by 1033?
85
What is the remainder when 8256 is divided by 8256?
0
What is the remainder when 6490 is divided by 73?
66
Calculate the remainder when 52122 is divided by 157.
155
Calculate the remainder when 11950 is divided by 1434.
478
What is the remainder when 5939 is divided by 69?
5
What is the remainder when 4237 is divided by 624?
493
Calculate the remainder when 16441 is divided by 267.
154
What is the remainder when 6535 is divided by 22?
1
Calculate the remainder when 4741181 is divided by 9.
8
What is the remainder when 10845303 is divided by 1877?
1874
What is the remainder when 249575 is divided by 423?
5
What is the remainder when 18507 is divided by 52?
47
Calculate the remainder when 957155 is divided by 372.
371
What is the remainder when 360 is divided by 66?
30
What is the remainder when 5780 is divided by 316?
92
Calculate the remainder when 81642 is divided by 1486.
1398
What is the remainder when 3183 is divided by 13?
11
Calculate the remainder when 27067 is divided by 603.
535
Calculate the remainder when 2479 is divided by 113.
106
Calculate the remainder when 7151 is divided by 44.
23
What is the remainder when 8960 is divided by 106?
56
What is the remainder when 39356 is divided by 19670?
16
What is the remainder when 1626 is divided by 329?
310
Calculate the remainder when 10879 is divided by 253.
0
Calculate the remainder when 3526 is divided by 873.
34
What is the remainder when 6079 is divided by 331?
121
What is the remainder when 87960 is divided by 1114?
1068
Calculate the remainder when 1533873 is divided by 3.
0
What is the remainder when 112 is divided by 23?
20
What is the remainder when 5179 is divided by 136?
11
Calculate the remainder when 119450 is divided by 23889.
5
Calculate the remainder when 994 is divided by 143.
136
What is the remainder when 37871 is divided by 18?
17
What is the remainder when 345128 is divided by 10?
8
Calculate the remainder when 193732 is divided by 64573.
13
Calculate the remainder when 13638 is divided by 1541.
1310
What is the remainder when 3909 is divided by 954?
93
What is the remainder when 31211 is divided by 126?
89
Calculate the remainder when 3057 is divided by 42.
33
What is the remainder when 37799 is divided by 105?
104
What is the remainder when 233986 is divided by 68?
66
What is the remainder when 97001 is divided by 87?
83
Calculate the remainder when 761 is divided by 363.
35
What is the remainder when 13294 is divided by 29?
12
What is the remainder when 63620 is divided by 186?
8
Calculate the remainder when 33421 is divided by 6668.
81
What is the remainder when 186627 is divided by 726?
45
Calculate the remainder when 34681 is divided by 88.
9
What is the remainder when 214143 is divided by 233?
16
Calculate the remainder when 15862 is divided by 369.
364
Calculate the remainder when 32349 is divided by 547.
76
What is the remainder when 31894 is divided by 7951?
90
What is the remainder when 149524 is divided by 23?
1
What is the remainder when 180709 is divided by 170?
169
What is the remainder when 7924 is divided by 950?
324
Calculate the remainder when 73245 is divided by 180.
165
What is the remainder when 60912 is divided by 458?
456
Calculate the remainder when 166316 is divided by 81.
23
Calculate the remainder when 130743 is divided by 3530.
133
Calculate the remainder when 1966 is divided by 395.
386
Calculate the remainder when 128079 is divided by 222.
207
What is the remainder when 15106 is divided by 368?
18
What is the remainder when 16225 is divided by 4043?
53
What is the remainder when 6433 is divided by 325?
258
Calculate the remainder when 61450 is divided by 241.
236
What is the remainder when 6250 is divided by 5427?
823
What is the remainder when 426652 is divided by 142202?
46
What is the remain